{"id":24,"date":"2025-11-12T17:19:18","date_gmt":"2025-11-12T16:19:18","guid":{"rendered":"https:\/\/branding.vet\/?page_id=24"},"modified":"2025-11-12T18:00:16","modified_gmt":"2025-11-12T17:00:16","slug":"impressum","status":"publish","type":"page","link":"https:\/\/branding.vet\/?page_id=24","title":{"rendered":"Impressum"},"content":{"rendered":"\t\t<div data-elementor-type=\"wp-page\" data-elementor-id=\"24\" class=\"elementor elementor-24\" data-elementor-post-type=\"page\">\n\t\t\t\t<div class=\"elementor-element elementor-element-4cb2c0f e-flex e-con-boxed e-con e-parent\" data-id=\"4cb2c0f\" data-element_type=\"container\" data-e-type=\"container\">\n\t\t\t\t\t<div class=\"e-con-inner\">\n\t\t\t\t<div class=\"elementor-element elementor-element-ea860fb elementor-widget elementor-widget-text-editor\" data-id=\"ea860fb\" data-element_type=\"widget\" data-e-type=\"widget\" data-widget_type=\"text-editor.default\">\n\t\t\t\t\t\t\t\t\t<section class=\"elementor-section elementor-top-section elementor-element elementor-element-7c6ddcd elementor-section-boxed elementor-section-height-default elementor-section-height-default\" data-id=\"7c6ddcd\" data-element_type=\"section\"><div class=\"elementor-container elementor-column-gap-default\"><div class=\"elementor-column elementor-col-100 elementor-top-column elementor-element elementor-element-35e4de3\" data-id=\"35e4de3\" data-element_type=\"column\"><div class=\"elementor-widget-wrap elementor-element-populated\"><div class=\"elementor-element elementor-element-35dc419 elementor-widget elementor-widget-heading\" data-id=\"35dc419\" data-element_type=\"widget\" data-widget_type=\"heading.default\"><div class=\"elementor-widget-container\"><h2 class=\"elementor-heading-title elementor-size-default\">Impressum<\/h2><\/div><\/div><\/div><\/div><\/div><\/section><section class=\"elementor-section elementor-top-section elementor-element elementor-element-93f0884 elementor-section-boxed elementor-section-height-default elementor-section-height-default\" data-id=\"93f0884\" data-element_type=\"section\"><div class=\"elementor-container elementor-column-gap-default\"><div class=\"elementor-column elementor-col-100 elementor-top-column elementor-element elementor-element-09f4f63\" data-id=\"09f4f63\" data-element_type=\"column\"><div class=\"elementor-widget-wrap elementor-element-populated\"><div class=\"elementor-element elementor-element-ab8bc37 elementor-widget elementor-widget-text-editor\" data-id=\"ab8bc37\" data-element_type=\"widget\" data-widget_type=\"text-editor.default\"><div class=\"elementor-widget-container\"><p>Angaben gem\u00e4\u00df \u00a7 5 DDG:<\/p><p>Seminar.vet ist eine Marke der noteborn-consulting UG (haftungsbeschr\u00e4nkt)<br \/><a href=\"http:\/\/n-c.nrw\/\" rel=\"noopener\"><img decoding=\"async\" class=\"alignnone wp-image-737\" src=\"https:\/\/seminar.vet\/wp-content\/uploads\/2025\/01\/NC-Logo_Final-300x108.png\" alt=\"\" width=\"200\" height=\"72\" \/><\/a><\/p><p><a href=\"https:\/\/n-c.nrw\/\" rel=\"noopener\">www.n-c.nrw<\/a><\/p><p>noteborn-consultig UG (haftungsbeschr\u00e4nkt)<br \/>Oliver Noteborn<br \/>Godorfer Hauptstr. 96<br \/>50997 K\u00f6ln<\/p><p>Telefon: 0172-1392424<\/p><p>E-Mail: info@n-c.nrw<\/p><p>Umsatzsteuer-Identifikationsnummer gem\u00e4\u00df \u00a727 a Umsatzsteuergesetz: DE363771364<\/p><p>HRB 116024<\/p><p>Design, Umsetzung, Programmierung und Hosting:\u00a0<a href=\"https:\/\/imagine-bluebird.de\/\" rel=\"nofollow noopener\">Imagine Bluebird, Thomas Berg<\/a><\/p><p>Redaktionell Verantwortlicher f\u00fcr den Inhalt gem.\u00a7 55 Abs. 2 Medienstaatsvertrag: Oliver Noteborn<\/p><p><strong>Haftungsausschluss (Disclaimer)<\/strong><\/p><p>Haftung f\u00fcr Inhalte<br \/>Als Diensteanbieter sind wir gem\u00e4\u00df \u00a7 7 Abs.1 TMG f\u00fcr eigene Inhalte auf diesen Seiten nach den allgemeinen Gesetzen verantwortlich. Nach \u00a7\u00a7 8 bis 10 TMG sind wir als Diensteanbieter jedoch nicht verpflichtet, \u00fcbermittelte oder gespeicherte fremde Informationen zu \u00fcberwachen oder nach Umst\u00e4nden zu forschen, die auf eine rechtswidrige T\u00e4tigkeit hinweisen. Verpflichtungen zur Entfernung oder Sperrung der Nutzung von Informationen nach den allgemeinen Gesetzen bleiben hiervon unber\u00fchrt. Eine diesbez\u00fcgliche Haftung ist jedoch erst ab dem Zeitpunkt der Kenntnis einer konkreten Rechtsverletzung m\u00f6glich. Bei Bekanntwerden von entsprechenden Rechtsverletzungen werden wir diese Inhalte umgehend entfernen.<br \/>Haftung f\u00fcr Links<br \/>Unser Angebot enth\u00e4lt Links zu externen Webseiten Dritter, auf deren Inhalte wir keinen Einfluss haben. Deshalb k\u00f6nnen wir f\u00fcr diese fremden Inhalte auch keine Gew\u00e4hr \u00fcbernehmen. F\u00fcr die Inhalte der verlinkten Seiten ist stets der jeweilige Anbieter oder Betreiber der Seiten verantwortlich. Die verlinkten Seiten wurden zum Zeitpunkt der Verlinkung auf m\u00f6gliche Rechtsverst\u00f6\u00dfe \u00fcberpr\u00fcft. Rechtswidrige Inhalte waren zum Zeitpunkt der Verlinkung nicht erkennbar. Eine permanente inhaltliche Kontrolle der verlinkten Seiten ist jedoch ohne konkrete Anhaltspunkte einer Rechtsverletzung nicht zumutbar. Bei Bekanntwerden von Rechtsverletzungen werden wir derartige Links umgehend entfernen.<br \/>Urheberrecht<br \/>Die durch die Seitenbetreiber erstellten Inhalte und Werke auf diesen Seiten unterliegen dem deutschen Urheberrecht. Die Vervielf\u00e4ltigung, Bearbeitung, Verbreitung und jede Art der Verwertung au\u00dferhalb der Grenzen des Urheberrechtes bed\u00fcrfen der schriftlichen Zustimmung des jeweiligen Autors bzw. Erstellers. Downloads und Kopien dieser Seite sind nur f\u00fcr den privaten, nicht kommerziellen Gebrauch gestattet. Soweit die Inhalte auf dieser Seite nicht vom Betreiber erstellt wurden, werden die Urheberrechte Dritter beachtet. Insbesondere werden Inhalte Dritter als solche gekennzeichnet. Sollten Sie trotzdem auf eine Urheberrechtsverletzung aufmerksam werden, bitten wir um einen entsprechenden Hinweis. Bei Bekanntwerden von Rechtsverletzungen werden wir derartige Inhalte umgehend entfernen.<\/p><p>Wir nehmen an einem Streitbeilegungsverfahren vor einer Verbraucherschlichtungsstelle teil. Zust\u00e4ndig ist die Universalschlichtungsstelle des Zentrums f\u00fcr Schlichtung e.V., Stra\u00dfburger Stra\u00dfe 8, 77694 Kehl am Rhein (<a href=\"https:\/\/www.verbraucher-schlichter.de\/\" rel=\"noopener\">https:\/\/www.verbraucher-schlichter.de<\/a>).<\/p><\/div><\/div><\/div><\/div><\/div><\/section>\t\t\t\t\t\t\t\t<\/div>\n\t\t\t\t\t<\/div>\n\t\t\t\t<\/div>\n\t\t\t\t<\/div>\n\t\t","protected":false},"excerpt":{"rendered":"<p>Impressum Angaben gem\u00e4\u00df \u00a7 5 DDG: Seminar.vet ist eine Marke der noteborn-consulting UG (haftungsbeschr\u00e4nkt) www.n-c.nrw noteborn-consultig UG (haftungsbeschr\u00e4nkt)Oliver NotebornGodorfer Hauptstr. 9650997 K\u00f6ln Telefon: 0172-1392424 E-Mail: info@n-c.nrw Umsatzsteuer-Identifikationsnummer gem\u00e4\u00df \u00a727 a Umsatzsteuergesetz: DE363771364 HRB 116024 Design, Umsetzung, Programmierung und Hosting:\u00a0Imagine Bluebird, Thomas Berg Redaktionell Verantwortlicher f\u00fcr den Inhalt gem.\u00a7 55 Abs. 2 Medienstaatsvertrag: Oliver Noteborn Haftungsausschluss [&hellip;]<\/p>\n","protected":false},"author":1,"featured_media":0,"parent":0,"menu_order":0,"comment_status":"closed","ping_status":"closed","template":"","meta":{"footnotes":""},"class_list":["post-24","page","type-page","status-publish","hentry"],"_links":{"self":[{"href":"https:\/\/branding.vet\/index.php?rest_route=\/wp\/v2\/pages\/24","targetHints":{"allow":["GET"]}}],"collection":[{"href":"https:\/\/branding.vet\/index.php?rest_route=\/wp\/v2\/pages"}],"about":[{"href":"https:\/\/branding.vet\/index.php?rest_route=\/wp\/v2\/types\/page"}],"author":[{"embeddable":true,"href":"https:\/\/branding.vet\/index.php?rest_route=\/wp\/v2\/users\/1"}],"replies":[{"embeddable":true,"href":"https:\/\/branding.vet\/index.php?rest_route=%2Fwp%2Fv2%2Fcomments&post=24"}],"version-history":[{"count":4,"href":"https:\/\/branding.vet\/index.php?rest_route=\/wp\/v2\/pages\/24\/revisions"}],"predecessor-version":[{"id":49,"href":"https:\/\/branding.vet\/index.php?rest_route=\/wp\/v2\/pages\/24\/revisions\/49"}],"wp:attachment":[{"href":"https:\/\/branding.vet\/index.php?rest_route=%2Fwp%2Fv2%2Fmedia&parent=24"}],"curies":[{"name":"wp","href":"https:\/\/api.w.org\/{rel}","templated":true}]}}